
2
What is the thousands digit of 26519?
6
What is the hundreds digit of 3554?
5
What is the hundreds digit of 9832?
8
What is the ten thousands digit of 20840?
2
What is the thousands digit of 2952?
2
What is the hundreds digit of 94958?
9
What is the hundreds digit of 2589?
5
What is the thousands digit of 1124?
1
What is the hundreds digit of 32747?
7
What is the hundreds digit of 345?
3
What is the units digit of 64956?
6
What is the thousands digit of 3657?
3
What is the hundreds digit of 1156?
1
What is the tens digit of 1809?
0
What is the thousands digit of 19186?
9
What is the hundreds digit of 597?
5
What is the units digit of 77204?
4
What is the tens digit of 2642?
4
What is the units digit of 8689?
9
What is the tens digit of 3424?
2
What is the thousands digit of 18431?
8
What is the thousands digit of 52647?
2
What is the units digit of 4871?
1
What is the tens digit of 41288?
8
What is the tens digit of 132790?
9
What is the hundreds digit of 8930?
9
What is the hundreds digit of 154?
1
What is the ten thousands digit of 88267?
8
What is the thousands digit of 37125?
7
What is the hundreds digit of 1632?
6
What is the tens digit of 422?
2
What is the ten thousands digit of 15287?
1
What is the hundreds digit of 32174?
1
What is the units digit of 17050?
0
What is the hundreds digit of 6833?
8
What is the hundreds digit of 30329?
3
What is the hundreds digit of 25304?
3
What is the thousands digit of 27310?
7
What is the hundreds digit of 39513?
5
What is the units digit of 1287?
7
What is the hundreds digit of 1661?
6
What is the tens digit of 114?
1
What is the thousands digit of 2811?
2
What is the tens digit of 2970?
7
What is the thousands digit of 12668?
2
What is the ten thousands digit of 16370?
1
What is the thousands digit of 5111?
5
What is the thousands digit of 149233?
9
What is the tens digit of 853?
5
What is the ten thousands digit of 91287?
9
What is the hundreds digit of 467?
4
What is the units digit of 1945?
5
What is the hundreds digit of 1334?
3
What is the tens digit of 517?
1
What is the thousands digit of 3325?
3
What is the thousands digit of 6238?
6
What is the thousands digit of 10083?
0
What is the units digit of 99132?
2
What is the ten thousands digit of 27315?
2
What is the units digit of 1678?
8
What is the thousands digit of 11778?
1
What is the hundreds digit of 8897?
8
What is the thousands digit of 24114?
4
What is the tens digit of 57000?
0
What is the hundreds digit of 2006?
0
What is the units digit of 7111?
1
What is the ten thousands digit of 10366?
1
What is the units digit of 1018?
8
What is the hundreds digit of 10462?
4
What is the hundreds digit of 425?
4
What is the ten thousands digit of 64155?
6
What is the tens digit of 42908?
0
What is the hundreds digit of 1217?
2
What is the units digit of 890?
0
What is the units digit of 258?
8
What is the thousands digit of 26571?
6
What is the hundreds digit of 53657?
6
What is the tens digit of 3707?
0
What is the tens digit of 9892?
9
What is the thousands digit of 6725?
6
What is the units digit of 880?
0
What is the units digit of 320?
0
What is the hundreds digit of 8051?
0
What is the units digit of 20967?
7
What is the hundreds digit of 855?
8
What is the units digit of 930?
0
What is the hundreds digit of 38541?
5
What is the thousands digit of 26634?
6
What is the ten thousands digit of 24527?
2
What is the hundreds digit of 53173?
1
What is the tens digit of 2048?
4
What is the units digit of 8478?
8
What is the hundreds digit of 33647?
6
What is the thousands digit of 21262?
1
What is the units digit of 277?
7
What is the units digit of 46855?
5
What is the tens digit of 3939?
3
What is the tens digit of 414?
1
What is the units digit of 1294?
4
What is the ten thousands digit of 17846?
1
What is the thousands digit of 21263?
1
What is the hundreds digit of 1786?
7
What is the units digit of 344?
4
What is the hundreds digit of 895?
8
What is the tens digit of 43714?
1
What is the hundreds digit of 976?
9
What is the tens digit of 7617?
1
What is the units digit of 1206?
6
What is the units digit of 7022?
2
What is the thousands digit of 2144?
2
What is the thousands digit of 13705?
3
What is the tens digit of 2785?
8
What is the hundreds digit of 1282?
2
What is the hundreds digit of 6124?
1
What is the units digit of 359?
9
What is the units digit of 1270?
0
What is the hundreds digit of 517?
5
What is the tens digit of 7280?
8
What is the units digit of 6602?
2
What is the tens digit of 1058?
5
What is the tens digit of 31201?
0
What is the units digit of 860?
0
What is the tens digit of 1915?
1
What is the units digit of 2347?
7
What is the ten thousands digit of 94970?
9
What is the tens digit of 2659?
5
What is the units digit of 6531?
1
What is the thousands digit of 76134?
6
What is the units digit of 5806?
6
What is the ten thousands digit of 16075?
1
What is the tens digit of 93?
9
What is the units digit of 44478?
8
What is the hundreds digit of 2494?
4
What is the units digit of 1410?
0
What is the thousands digit of 39577?
9
What is the thousands digit of 1536?
1
What is the thousands digit of 5903?
5
What is the tens digit of 2908?
0
What is the thousands digit of 6054?
6
What is the units digit of 8003?
3
What is the hundreds digit of 1383?
3
What is the units digit of 7525?
5
What is the units digit of 5807?
7
What is the thousands digit of 5256?
5
What is the units digit of 897?
7
What is the units digit of 311?
1
What is the units digit of 16653?
3
What is the hundreds digit of 34500?
5
What is the ten thousands digit of 12039?
1
What is the ten thousands digit of 65918?
6
What is the thousands digit of 1358?
1
What is the units digit of 11077?
7
What is the thousands digit of 9065?
9
What is the tens digit of 789?
8
What is the hundreds digit of 1821?
8
What is the units digit of 3322?
2
What is the tens digit of 1063?
6
What is the units digit of 670?
0
What is the units digit of 561?
1
What is the thousands digit of 29665?
9
What is the thousands digit of 7869?
7
What is the units digit of 4866?
6
What is the tens digit of 6085?
8
What is the units digit of 1674?
4
What is the units digit of 467?
7
What is the thousands digit of 4092?
4
What is the units digit of 781?
1
What is the units digit of 69913?
3
What is the thousands digit of 2048?
2
What is the tens digit of 1528?
2
What is the tens digit of 48698?
9
What is the hundreds digit of 1977?
9
What is the ten thousands digit of 30825?
3
What is the units digit of 19945?
5
What is the units digit of 1327?
7
What is the units digit of 14898?
8
What is the tens digit of 49199?
9
What is the ten thousands digit of 40355?
4
What is the tens digit of 732?
3
What is the hundreds digit of 6448?
4
What is the tens digit of 22768?
6
What is the ten thousands digit of 40414?
4
What is the units digit of 789?
9
What is the thousands digit of 1644?
1
What is the units digit of 859?
9
What is the thousands digit of 20173?
0
What is the ten thousands digit of 95676?
9
What is the thousands digit of 7820?
7
What is the ten thousands digit of 14139?
1
What is the tens digit of 79036?
3
What is the thousands digit of 2921?
2
What is the hundreds digit of 920?
9
What is the tens digit of 8842?
4
What is the units digit of 1533?
3
What is the ten thousands digit of 11941?
1
What is the hundreds digit of 3868?
8
What is the units digit of 676?
6
What is the thousands digit of 2067?
2
What is the thousands digit of 3903?
3
What is the thousands digit of 61945?
1
What is the thousands digit of 4594?
4
What is the hundreds digit of 16579?
5
What is the units digit of 8796?
6
What is the hundreds digit of 464?
4
What is the tens digit of 3313?
1
What is the tens digit of 22171?
7
What is the ten thousands digit of 17346?
1
What is the hundreds digit of 210?
2
What is the ten thousands digit of 46384?
4
What is the hundreds digit of 26550?
5
What is the units digit of 99608?
8
What is the tens digit of 920?
2
What is the hundreds digit of 924?
9
What is the ten thousands digit of 31181?
3
What is the thousands digit of 1577?
1
What is the hundreds digit of 4590?
5
What is the tens digit of 47425?
2
What is the tens digit of 12356?
5
What is the tens digit of 4190?
9
What i